 0 = -8*h - 31*h + 546. Calculate the remainder when 3289 is divided by h.
13
Let r(h) = 20 + 23 + 20 + 3*h. What is the remainder when r(20) is divided by 43?
37
Let u(w) = -w**3 + 10*w**2 - 4*w - 83. What is the remainder when 114 is divided by u(8)?
10
Suppose 0*c + 70 = 5*c. Suppose 40*q = 30*q + 29*q - 152. What is the remainder when c is divided by q?
6
Suppose -3*v + 3*b - 208 = -4*v, 5*b = 2*v - 449. What is the remainder when 1098 is divided by v?
13
Suppose 15*b - 212 = 12*b + m, -3*b - 5*m + 200 = 0. Suppose 7*w = -b + 413. Let o(q) = q**3 - 9*q**2 + q + 8. What is the remainder when w is divided by o(9)?
15
Suppose 14*v = -45*v + 4779. What is the remainder when v is divided by 50?
31
Let f = 117 + -104. Let s(q) = q**3 - 12*q**2 - 12*q - 20. Let n be s(f). Let o(w) = w**2 + 4*w - 1. What is the remainder when 34 is divided by o(n)?
14
Let i = 1601 - 1436. What is the remainder when 319 is divided by i?
154
Suppose -d = -5*k + 25, 2*k - 2*d - d = 10. Calculate the remainder when k is divided by (27 + 2400/(-90))*3.
0
Suppose 0 = 26*d - 22*d - 164. Let g(o) = 4*o**2 + 10*o - 10. What is the remainder when d is divided by g(-4)?
13
Suppose 3*a = -4*p + 200, -5*p - 100 + 27 = -a. What is the remainder when a is divided by 11?
2
Let n = 495 + -492. Calculate the remainder when 38 is divided by (-1 - (n + -8))/(4/22).
16
Calculate the remainder when (-1)/6 + (74917/6)/19 is divided by ((-1210)/(-44))/(4/(-8) + 1).
52
Let g be (19 + 1 + 0)*(-28)/(-56). What is the remainder when 277 is divided by g/8*(-6 + 14)?
7
Suppose -17*m + 13*m - i + 21 = 0, 27 = 4*m - i. Suppose 4*d - 85 = 5*t, -d + m*d + 3*t - 97 = 0. What is the remainder when d is divided by 9?
2
Let k = -45 + 117. Suppose -387 - 662 = -27*u + 787. Let o = k - u. What is the remainder when 21 is divided by o?
1
Let o = 446 - 413. Suppose -2*z + 4 = -2. Calculate the remainder when o is divided by 4/z*(-18)/(-2).
9
Suppose -4*i = -j - 76, -4*i - 4*j - 22 = -98. Suppose -i*p + 8*p = -836. Calculate the remainder when p is divided by 11.
10
Let g = -33 + 41. Suppose 0 = g*r - 18 - 6. Calculate the remainder when (-1)/(r - 470/155) is divided by 11.
9
Let s be (-1 - (-13)/(-2))*(-2 + 0). Let d be (-76)/(-10) - (-6)/s. Let y = 193 - d. Calculate the remainder when y is divided by 47.
44
What is the remainder when 2187 is divided by (2 - (1 - 2) - -278) + (-246)/82?
241
Let g = 1945 + -1908. Calculate the remainder when 72 - ((1 - -2) + 0) is divided by g.
32
Let b = -6698 + 6799. What is the remainder when 1118 is divided by b?
7
Let t = 20 - -5. Let p(o) = -o**3 - 122*o**2 - 105*o + 2017. Calculate the remainder when p(-121) is divided by t.
6
Let x = -5 + 32. Let s(t) = -t**2 + 4*t - 1. Let z be s(-3). Let a = x + z. Calculate the remainder when 13 is divided by a.
3
Suppose n + 72 = 3*n. Let s = -24 - -24. Suppose s = -i - 3*y - 0*y + 5, -4*y = 4*i - n. What is the remainder when 64 is divided by i?
9
Let u = -48 + 51. Suppose -u*q - 449 + 5597 = 0. Suppose q = 14*t - t. What is the remainder when t is divided by 15?
12
Suppose 2*a - 4*p - 251 = 49, 0 = 3*a - 2*p - 454. Let v(z) = -40*z + 206. Calculate the remainder when a is divided by v(5).
2
Suppose -h = 5, 4*c - 51 - 40 = -5*h. Suppose -101*p - 5030 = -18867. Calculate the remainder when p is divided by c.
21
Suppose -4*j = 3*m - 508, 0 = 2*m - 3*j - 435 + 85. Let h = m - 111. What is the remainder when h is divided by 13?
9
Let v be (-4)/9 + 74222/(-306). Let d = 364 + v. What is the remainder when d is divided by 27?
13
Let k be -3 - (4*(-2)/4 + -1). Suppose -d - v + 16 = k, -v - 2 = -4. What is the remainder when ((-152)/(-10))/(6/15) is divided by d?
10
Suppose 0*m = -3*m + d + 18, -4*d - 12 = 0. Let q be 5 + 1*(-15)/m. Calculate the remainder when 52 - (3 + 2/q) is divided by 17.
14
Let l = 246 + -171. Let k = 10 + l. Let c = 110 - k. What is the remainder when 47 is divided by c?
22
Suppose 4*n - 820 = -136. Let r = -113 + n. Calculate the remainder when 173 is divided by r.
57
Let f(c) = -4*c - 20. Let l = -582 + 607. Calculate the remainder when f(-23) is divided by l.
22
Suppose 0 = 13*y - 12*y - 4*l - 71, 2*y = -2*l + 202. Calculate the remainder when 374 is divided by y.
89
Let c = 71 + -42. Let v = -117822 + 117824. What is the remainder when c is divided by v?
1
Suppose -5*w - 31 = -366. Let a = w + -5. Let y = -34 + a. What is the remainder when y is divided by 6?
4
Suppose 0 = -3*j + 5*j - 4*w - 2, -4*j + 56 = 5*w. Let h = 181 - 175. Suppose -h*i + 10*i = 100. Calculate the remainder when i is divided by j.
7
Let b be (((-8)/14)/1)/((-52)/182). Suppose -b*t + 1176 = 3*v, 3*t + 9*v = 10*v + 1786. Calculate the remainder when t is divided by 26.
22
Let n = -851 - -1461. Calculate the remainder when n is divided by 51.
49
Let p(u) = -29*u + 1460. Calculate the remainder when p(45) is divided by 19.
3
Suppose -2*k + 30 = 3*d - 60, 150 = 5*d + 5*k. Let h = d - 18. What is the remainder when -1 + 1 + (5 - 2*-21) is divided by h?
11
Let a(b) = 4*b**2 + 7*b - 23. What is the remainder when 10282 is divided by a(-4)?
12
Let i(q) = -26*q - 664. What is the remainder when 330 is divided by i(-27)?
26
What is the remainder when (30 - 384)/(28/(-8) + 2) + 1 is divided by 108?
21
Let v(i) = -i**2 - i. Let y(h) = h**2 - h + 4. Let m(u) = -2*v(u) - y(u). Calculate the remainder when 5/(3*2/156) is divided by m(2).
4
Let x = 351 - 349. Suppose x*j = -8*a + 9*a + 123, -4*a - 79 = -j. Calculate the remainder when j is divided by 11.
4
Calculate the remainder when (1 + -1 + (-15)/30)*-1878 is divided by 5.
4
Let q = -643 + 847. What is the remainder when q is divided by 25?
4
Let r be 2/5 + 325/125. Suppose 2*w - 3*d = 2*d - 2, -r*w = -4*d - 11. Suppose 84 = w*h - 7*h. What is the remainder when h is divided by 11?
9
Let m = -5257 + 6618. What is the remainder when m is divided by 31?
28
Let y = -180 - 631. Let t = -201 - y. Calculate the remainder when t is divided by 68.
66
Let f = -201 + 201. Suppose 3*c - 4*h - 240 = 0, 2*c + f*h = 2*h + 158. What is the remainder when c is divided by 8?
4
Let r = 26 - 5. Let g = -71 - -627. Calculate the remainder when g/10 - (-7 - 231/(-35)) is divided by r.
14
Suppose -4*p + p + w = -5, 7 = p + 5*w. Suppose 6*l = 3*a + l - 116, p*a = 5*l + 84. What is the remainder when a is divided by 3/(-3) - -2 - -17?
14
Calculate the remainder when 1091 is divided by (-4)/10*(-47300)/344.
46
Suppose 3*v - 4*f = 4110, v + 1160*f - 1372 = 1161*f. What is the remainder when v is divided by 77?
69
Suppose -4*l + 52 - 16 = 0. What is the remainder when (-51982)/(-98) - 8 - 10/7 is divided by l?
8
Suppose -137*u = -138*u. Suppose 11*d - 275 = -u*d. Calculate the remainder when 49 is divided by d.
24
Suppose 412 + 119 = 59*u. Calculate the remainder when -10 + 4 - 123*(-3)/u is divided by (1/(-2))/((-1)/28).
7
Let u be 1/(-4*5/(-100)). Suppose -u*v - 3*i + 652 = -0*i, -5*i = 5*v - 650. Let j = v + -71. What is the remainder when j is divided by 21?
18
Let c(a) = 6*a**2 - 4*a - 4. Let i be c(-7). Let f = -289 + i. Calculate the remainder when f is divided by 17.
12
Suppose 12*d + 30 = 6*d. Let i be (2 + d)*1*8/(-12). Suppose 40 = i*h + b, -3*h - b + 82 = -5*b. Calculate the remainder when 86 is divided by h.
20
Let b(h) = 2*h**3 - 2*h**2 + 4*h - 2. Let c(x) = 8*x**2 + 167*x - 3. What is the remainder when b(3) is divided by c(-21)?
10
Let q = -8421 - -8484. What is the remainder when 1714 is divided by q?
13
Suppose -205*o + 2472 = -888 + 285. What is the remainder when 1468 is divided by o?
13
Suppose 0 = 198*k - 177*k - 31227. Calculate the remainder when k is divided by 21.
17
Let l = 202 - 281. Let s = l - -128. What is the remainder when s is divided by 14?
7
Let w(s) = -14*s**3 + 2*s**2 - 1. Let o = 124 - 116. Let v(r) = 2*r**2 - 17*r + 7. Let z be v(o). Calculate the remainder when 88 is divided by w(z).
13
Suppose -5*j - 7 + 47 = -5*q, 3*j - 5*q - 18 = 0. Let c = -41 - -72. Calculate the remainder when c is divided by j.
9
Suppose -i - 5*j + 1143 = -184, -4*i + 5327 = j. What is the remainder when i is divided by 46?
44
Let t(g) = -g**3 + 7*g**2 - 6*g - 2. Let n be 7/14*10*1. Let v(w) = 3*w - 44. What is the remainder when t(n) is divided by v(17)?
4
Let n be (-4)/(-12)*33 + -6. Suppose -n*u + 5*y